e the remainder when j is divided by (7/(-49))/(4/(-84)) + -3 + 22.
21
Suppose -235675 = -188*d + 13049. What is the remainder when d is divided by 19?
12
Suppose -5*z = -16*z + 22. Suppose -20*t - 5*i - 162 = -21*t, -z*t = 3*i - 350. Calculate the remainder when t is divided by 35.
32
Let j(o) = -2 + o**2 + 19*o - 9 - 2. Let z be j(-18). Let m = -8 - z. What is the remainder when 45 is divided by m?
22
Let m be -83 + 0 + 0 + 4. Let h = m - -253. What is the remainder when 343/4 - (h/(-24) + 7) is divided by 22?
20
Let z(t) = t - 9. Let v be z(11). Let u(p) = -v - 3 + 41*p - 37*p. Calculate the remainder when 7 is divided by u(2).
1
Suppose -x - 5 = 0, 23 = -b - 2*x - 11. Let k = -21 - b. Suppose 0 = 4*z - 5*w - 73, -w + k = 2*z - 44. Calculate the remainder when 63 is divided by z.
19
Suppose z = -j + 6*z + 59, 4*z = 28. What is the remainder when 943 is divided by j?
3
Let g(q) = -q**3 - 16*q**2 + 34*q - 7. Let x be g(-18). Suppose -32*c + 810 = -x*c. Calculate the remainder when c is divided by 7.
4
Let o(r) = r**3 + 20*r**2 + 13*r - 13. Let k = 529 + -548. What is the remainder when o(k) is divided by 21?
17
Suppose -i = 566 - 565. Let w = 55 - 38. Calculate the remainder when w is divided by i + -2 - (-21 + 2 + 14).
1
Let p = 39398 + -39365. Calculate the remainder when 126 is divided by p.
27
Let s = 292 - 264. Suppose 22*x = 9*x + 2080. What is the remainder when x is divided by s?
20
Suppose 32*n - 13727 = 1697. Calculate the remainder when n is divided by 120.
2
Calculate the remainder when 7 - (525055/(-173) + (1 - -8)) is divided by 20.
13
Suppose -3 = d, -83*a + 86*a + 3*d = 468. What is the remainder when 1105 is divided by a?
151
Let d = -2057 - -2165. What is the remainder when 652 is divided by d?
4
Let h(z) = -2*z**2 - 7*z - 35. Let p be h(13). Let g = p - -482. What is the remainder when (107/(-1))/(4/(-4)) is divided by g?
17
Suppose 36 = 4*k + 72. Suppose 4*s - 372 = 96. What is the remainder when s is divided by k/12*(-34 + 2)?
21
Let v(p) = -8*p**3 + 2*p + 3. Let n be v(-2). Suppose n = -4*d + 7*d. Let r = d - -24. Calculate the remainder when r is divided by 17.
11
Suppose -2*i + 30 = 3*i. Suppose -3*u - 4*q + 414 = 0, i*q = u + 9*q - 143. What is the remainder when u is divided by 47?
40
Let x(b) = -127*b + 7019. Calculate the remainder when 1382 is divided by x(55).
22
Suppose 2*d = -4*m + 158, 0 = -283*m + 287*m - 32. Calculate the remainder when 267 is divided by d.
15
Suppose -12*d = 10*d - 44. Suppose 13 = d*s - 23. What is the remainder when s is divided by 11?
7
Suppose 0*m + 6 = m. Let u(l) = -94*l - 2946. What is the remainder when u(-32) is divided by (3/m - 0)*42?
20
Let l(p) = 5*p**3 + p**2 + p + 12. Let q be l(6). Suppose -26*z + q = -8*z. What is the remainder when 77 is divided by z?
14
Let q(f) = f**2 - 4. Let l(m) = -8 + 1 + 243*m - 229*m. Calculate the remainder when l(1) is divided by q(-3).
2
Let u(x) = -2*x**3 - x**2 + 2*x + 1. Let a be (-4)/(-10) + 18/(-45). Suppose a = 6*d - 160 - 158. Calculate the remainder when d is divided by u(-2).
8
Let r(v) = -5*v - 43. Let q be r(-9). Suppose q = 8*w - 110. What is the remainder when 94 is divided by w?
10
What is the remainder when 3/(-8) + (-8331455)/(-4136) is divided by 112?
110
Suppose -882 - 126 = -84*i. What is the remainder when 2411 is divided by i?
11
Suppose 0 = i + 5*n - 7, 33*i - 28*i + 7 = -4*n. What is the remainder when 38 is divided by (25/(-10) + i)*-2?
5
Calculate the remainder when 775 is divided by 187/(-616)*-553 + (-1)/(-8).
103
Suppose 0 = -3*q + 26 + 16. Let p(c) = -c**3 - 19*c**2 - 6*c + 266. What is the remainder when p(-18) is divided by q?
8
Suppose 1301 = 39*a - 1351. Calculate the remainder when 134 is divided by a.
66
Let x(q) = -25*q**3 - 29*q**2 - 97*q - 3. Calculate the remainder when 2122 is divided by x(-3).
16
Let i be 1*4*-12*(5 - 4). Let c = i + 52. What is the remainder when ((-172)/8)/((-2)/c) is divided by 23?
20
Suppose -247 = -g - 5*h, 708 = 4*g - 9*h - 483. Calculate the remainder when 590 is divided by g.
26
What is the remainder when ((-26)/7 + 4)*21 + 3772 is divided by 63?
61
Suppose -3*b - 23 = -k, -3*k + 2*b + 4 = -51. Let u(v) = 4*v**3 + 24*v**2 - 5*v - 32. What is the remainder when u(-4) is divided by k?
14
Calculate the remainder when 6669/81 - (-2)/3 is divided by 9.
2
Suppose -384 = 13*r - 4713. Calculate the remainder when r is divided by 52.
21
Suppose -2*u - 229 = -2*t - 7*u, -2*t = -u - 247. Let b = -86 - -62. Let w(p) = p**3 + 24*p**2 - 3*p - 47. Calculate the remainder when t is divided by w(b).
22
Suppose -2*j - n = 3*j - 121, 79 = 3*j - n. Suppose 12*h + 6600 = 20*h. Suppose h = 15*x - 630. Calculate the remainder when x is divided by j.
22
Let k(t) = -26*t + 2. Let m = -8429 - -8519. What is the remainder when m is divided by k(-1)?
6
Suppose 174*h - 5825 = -953. What is the remainder when 1510 is divided by h?
26
Suppose -16419 = 21*s + 18*s. Let r = 459 + s. What is the remainder when 151 is divided by r?
37
Let c(l) = l**2 - 3*l. Let z(x) = -x**2 + 20*x - 5. Let b(j) = j**2 - 21*j + 6. Let h(q) = 4*b(q) + 5*z(q). What is the remainder when h(14) is divided by c(5)?
7
Let p be 2/6 + (-3075)/(-9). Suppose 0 = 6*w + 3*w - p. Calculate the remainder when (-2 + 115)*(1 + 0) is divided by w.
37
Let f be 28/6 - (-37)/111. Let h(i) = 3*i**2 - 7*i + 8. Let n be h(-6). Suppose -n = -b + f. Calculate the remainder when b is divided by 41.
40
Let o(t) = -t**3 + 4*t**2 - 68*t - 203. Calculate the remainder when 306 is divided by o(-3).
50
What is the remainder when 241 is divided by (-44688)/(-360) + (-3)/(90/4)?
117
Let k(o) = -o**3 - 5*o**2 - 2*o + 132. Let m(s) = s**2 - 1. Let z(g) = k(g) + 6*m(g). What is the remainder when z(0) is divided by 43?
40
What is the remainder when 12449 is divided by ((-7)/2 - -3)*1848/(-21)?
41
Let v(r) = -r**2 - 40*r - 187. Let c be v(-10). Suppose -9*l - 22 = -11*l - 5*j, 2*j + c = 5*l. What is the remainder when 125 is divided by l?
20
Suppose 6*k - 115 = -577. Let i = 108 + k. Let h(s) = -s**3 + s**2 + 13*s + 8. Calculate the remainder when i is divided by h(4).
7
Suppose -20 = 5*n, -8*n = 5*w - 5*n - 13. Calculate the remainder when 149 is divided by (-30)/1*(-3 - w/(-10)).
74
Let y = -815 - -441. Let a = -200 - y. What is the remainder when a is divided by 25?
24
Let r = -1169 - -1190. Let j(g) = 9*g. Suppose -5*z = p + p - 13, -3*z - 48 = -5*p. What is the remainder when j(p) is divided by r?
18
Let s be 25/10*(-12)/15. Suppose 0*t - 5*t + 70 = 0. Calculate the remainder when -5 + (-1)/s*(56 - -2) is divided by t.
10
Suppose 0 = 3*y + 3*h - 135, -47*h + 90 = 2*y - 44*h. Let r(a) = -45*a - 2. What is the remainder when r(-5) is divided by y?
43
Suppose 0 = 28*t - 25*t + 30. Let a = t + 3. Let y(i) = i**2 + i - 15. What is the remainder when 103 is divided by y(a)?
22
Let r(g) = 5*g**2 + 204*g + 363. What is the remainder when 2627 is divided by r(-39)?
11
Suppose 39 = 2*y + r - 2*r, 4*r + 72 = 4*y. Suppose -28*n + 539 = -y*n. What is the remainder when n is divided by 26?
25
Calculate the remainder when (-12274)/(-30) - (-31)/(6045/(-26)) is divided by 57.
10
Let p = 743 + -743. Suppose -2*z = 56*f - 61*f - 12, p = -3*z - 2*f - 1. Calculate the remainder when 39 is divided by z.
0
Suppose 2*w + 37 = 31, -3*n - 4*w = -156. Let t = -12 + 3. Calculate the remainder when n is divided by ((-25)/(-15))/((-1)/t).
11
Let u(b) = -2*b + 61. Let d = -348 + 361. What is the remainder when u(d) is divided by 30?
5
Let q = 760 - 747. Suppose 5*h - 889 = -2*h. What is the remainder when h is divided by q?
10
Calculate the remainder when 62 is divided by (-17)/(102/(-4))*192/4.
30
Let u(x) = 7*x + 169. Let f(a) = -7*a + 1. Let s be f(3). Calculate the remainder when 115 is divided by u(s).
28
Calculate the remainder when (-6)/(-4)*-1 + (-3003)/(-78) is divided by -4 + (-11)/(33/(-42)).
7
Suppose 3*z = 7*z - 12. Suppose -2*j = 4*o + 3*j + 16, 0 = -o + z*j + 13. Calculate the remainder when (-6 + 3)/((-4)/(5 - 1)) is divided by o.
0
Suppose 9*m = 3*m + 516. Let o(a) = -2*a**2 + 26*a + 10. What is the remainder when (m + 3)/((-2)/(-2)) is divided by o(13)?
9
Let q(h) = h**3 + 6*h**2 + 3*h - 4. Let n be q(-5). Let k be n/45*6 + (-328)/10. Let u = k - -44. What is the remainde